 16
-41a67
Convert 3ab73 (base 15) to base 9.
316150
Convert -10212100 (base 5) to base 3.
-11022222100
What is 91635 (base 11) in base 3?
20210121221
638666 (base 9) to base 12
164143
What is 4410414 (base 5) in base 10?
75734
What is 11569a (base 16) in base 9?
2121615
What is -240759 (base 10) in base 8?
-726167
What is 21101232 (base 4) in base 11?
26604
Convert 557504 (base 8) to base 5.
22010403
What is -2589072 (base 10) in base 14?
-4b577a
Convert 2805 (base 14) to base 11.
533a
What is 764c65 (base 13) in base 11?
162a70a
What is -20230412 (base 6) in base 8?
-2153610
Convert 3412785 (base 9) to base 15.
264e22
Convert bb0ba (base 15) to base 5.
123003200
52011342 (base 6) to base 9
2727228
-1074530 (base 10) to base 14
-1dd842
-1010001110111110 (base 2) to base 7
-233132
What is 1111110011111111101 (base 2) in base 12?
20ba25
Convert 211222020220 (base 3) to base 6.
13405210
Convert 1079070 (base 13) to base 11.
2937649
What is 36b733 (base 14) in base 13?
508907
b8784 (base 14) to base 2
1101100111001000000
-2459b4 (base 13) to base 3
-1122011201002
11011011010011011000001 (base 2) to base 6
414005013
What is -70b5b (base 12) in base 8?
-436567
1222413 (base 6) to base 14
19b85
What is 310031032 (base 4) in base 5?
23320323
46a497 (base 12) to base 6
40215111
Convert 33051243 (base 6) to base 9.
1763280
What is 7d6b3 (base 15) in base 2?
1100001100110011000
What is 24816f (base 16) in base 12?
974613
162cd2 (base 16) to base 3
2201211111200
What is 1000112131 (base 4) in base 7?
2145313
Convert 11454532 (base 6) to base 12.
157448
2370a8 (base 13) to base 14
17d706
-440175 (base 8) to base 6
-3055125
77321 (base 9) to base 4
30201130
What is 20333 (base 16) in base 8?
401463
What is 414628 (base 11) in base 3?
1020210002212
Convert -103254305 (base 6) to base 11.
-1049405
What is 101100000111111000 (base 2) in base 3?
100011220122
What is -56486 (base 14) in base 15?
-420d1
What is 1034624 (base 7) in base 16?
1ee48
What is -11020121212221 (base 3) in base 14?
-42a312
Convert 318b7 (base 13) to base 16.
15d26
Convert -2475534 (base 11) to base 5.
-2100001420
216402 (base 7) to base 15
b516
Convert 31422 (base 8) to base 7.
53055
Convert 894d0 (base 16) to base 11.
354589
1111010100011001110 (base 2) to base 10
501966
-2a1c5 (base 16) to base 9
-282540
What is 110001110011 (base 2) in base 7?
12202
What is 545402 (base 9) in base 13?
b51a5
Convert 134472 (base 9) to base 8.
240165
Convert 5681 (base 12) to base 5.
301401
275ab (base 14) to base 8
275623
Convert 20423444 (base 6) to base 9.
1105311
42a58 (base 12) to base 15
1b0a8
18e0 (base 15) to base 5
133020
-3449426 (base 12) to base 5
-10033134012
Convert -533313 (base 6) to base 7.
-240630
-101543213 (base 6) to base 13
-4a018a
2005300 (base 6) to base 7
542340
Convert -44444140 (base 5) to base 6.
-12212025
What is -13665624 (base 8) in base 3?
-12211220000012
Convert 2112212101212 (base 3) to base 9.
2485355
-2ca03 (base 13) to base 12
-41363
10440301343 (base 5) to base 14
17939cb
-13b1b (base 16) to base 9
-132580
1112000202022 (base 3) to base 10
807551
-da061 (base 14) to base 11
-32a990
What is 320085 (base 12) in base 15?
10877e
244d101 (base 14) to base 13
37b2acc
Convert 5726542 (base 9) to base 11.
181a476
Convert -3483a29 (base 11) to base 6.
-334201533
Convert 179029 (base 11) to base 5.
32304143
-31fe1 (base 16) to base 4
-301333201
Convert 12120120111110 (base 3) to base 13.
7c9cc8
What is -843804 (base 12) in base 3?
-10220200010211
Convert 941942 (base 10) to base 8.
3457566
What is -242345011 (base 6) in base 14?
-87b103
Convert -386c36 (base 16) to base 13.
-9c60cb
252168 (base 10) to base 2
111101100100001000
What is 15092484 (base 10) in base 5?
12330424414
201044413 (base 5) to base 15
10c073
What is -445424141 (base 6) in base 4?
-132323001331
What is 6356360 (base 8) in base 9?
3163038
-258430 (base 11) to base 3
-202122120112
What is -130891 (base 11) in base 7?
-1515464
What is 23001201 (base 4) in base 3?
2021221100
What is 659753 (base 10) in base 6?
22050225
What is 1212213141 (base 5) in base 7?
33143042
-110100101011000100 (base 2) to base 14
-588a8
-10364592 (base 10) to base 15
-d9aecc
102313123 (base 4) to base 6
1353431
-980ae5 (base 15) to base 3
-111121220221022
What is -56118 (base 9) in base 2?
-1001000110011101
What is -6c1c18 (base 15) in base 8?
-23561270
-5453c0 (base 13) to base 6
-110253325
Convert 1121111013 (base 4) to base 14.
974b5
-60114 (base 15) to base 5
-34211434
2351645 (base 10) to base 2
1000111110001000011101
Convert -550730 (base 9) to base 15.
-67599
3434100 (base 8) to base 9
1670288
What is 10010101000111001000000 (base 2) in base 4?
102220321000
Convert 2884225 (base 9) to base 10.
1590863
Convert 133355 (base 7) to base 10.
25226
What is -452334 (base 7) in base 11?
-551a0
-401206 (base 10) to base 7
-3260461
What is 39a4a6a (base 12) in base 7?
166003510
cc8616 (base 15) to base 9
20307223
What is -112221312 (base 4) in base 5?
-10432130
30230230112 (base 4) to base 5
1323010130
What is -1000010001001011011100 (base 2) in base 12?
-886424
What is 124273 (base 10) in base 11?
85406
Convert 1200111211201 (base 3) to base 6.
31111201
Convert -164344 (base 7) to base 5.
-2022024
Convert 101000001000000101 (base 2) to base 16.
28205
Convert 11101110100011 (base 3) to base 11.
1352837
-27087 (base 11) to base 7
-220545
What is -35424331 (base 6) in base 8?
-4163477
-100220201121 (base 3) to base 10
-195172
What is 2212122011001 (base 3) in base 14?
2bac57
What is -12330042 (base 5) in base 16?
-1d747
Convert 2032032 (base 6) to base 4.
113311310
What is 129534 (base 12) in base 11?
19a402
Convert 473446 (base 8) to base 9.
265566
Convert 23871075 (base 9) to base 12.
3ab2a95
-10100000111110110011 (base 2) to base 3
-1020111111110
What is -171563 (base 8) in base 3?
-10011111021
Convert 30426046 (base 7) to base 11.
1488a00
-22122001201212 (base 3) to base 15
-60936e
-60b8a2 (base 12) to base 14
-2b56b0
-15501 (base 13) to base 14
-10a12
90459 (base 11) to base 4
200103131
-31131567 (base 8) to base 13
-14a0b72
What is 11b076 (base 13) in base 8?
1474266
What is a244f (base 16) in base 2?
10100010010001001111
429bba (base 12) to base 14
1d61d4
Convert 1400040 (base 6) to base 9.
127626
90484a (base 12) to base 14
427158
Convert -162106 (base 7) to base 11.
-2200a
Convert 11393196 (base 10) to base 16.
add8ac
Convert 84359 (base 10) to base 3.
11021201102
1882541 (base 14) to base 15
10edc21
What is -398468 (base 10) in base 4?
-1201102010
What is -4921b (base 15) in base 6?
-5000155
-32104543 (base 6) to base 4
-3211332033
What is -78272 (base 14) in base 6?
-10124512
What is 336c5e (base 15) in base 16?
256e2f
304604 (base 9) to base 12
885a1
3a8063 (base 11) to base 5
130442110
-5543304 (base 6) to base 15
-57604
3166224 (base 7) to base 5
44330314
-144556 (base 7) to base 3
-1102111121
What is 110111000011001011 (base 2) in base 8?
670313
Convert -5101324 (base 6) to base 5.
-30211041
-5302876 (base 12) to base 16
-ef465a
What is -8c9ec5 (base 15) in base 6?
-355541322
What is -389bb2 (base 12) in base 5?
-214222104
-231101113 (base 4) to base 16
-2d457
-e102b2 (base 16) to base 8
-70201262
What is -b299 (base 13) in base 16?
-6037
What is 23c14 (base 15) in base 11?
787a2
Convert 1bae74 (base 15) to base 5.
321301014
110532023 (base 6) to base 13
551790
Convert 9056 (base 12) to base 3.
210102110
Convert 2101200002111 (base 3) to base 5.
311213101
Convert d201 (base 15) to base 5.
2404301
99768 (base 13) to base 16
43e4b
What is -1310020212 (base 4) in base 12?
-1ab346
What is -3c74b (base 14) in base 6?
-3112355
-121781 (base 9) to base 15
-16bca
11101011011101110 (base 2) to base 14
31d14
Convert -4968651 (base 10) to base 14.
-934a39
501021535 (base 6) to base 2
100000001110011100000011
1996d (base 16) to base 13
38927
What is -39e06 (base 15) in base 10?
-185406
What is -1000011111101100 (base 2) in base 15?
-a49b
Convert -9158698 (base 10) to base 4.
-202330000222
Convert 100001000101101110 (base 2) to base 12.
66526
7b58 (base 14) to base 5
1141232
-26056512 (base 7) to base 8
-11017501
What is 4346 (base 7) in base 5?
22203
Convert -16507525 (base 8) to base 3.
-21012222110001
-100134043 (base 5) to base 